{"id":287,"date":"2026-04-13T06:54:37","date_gmt":"2026-04-13T06:54:37","guid":{"rendered":"https:\/\/www.haute-correze.fr\/?page_id=287"},"modified":"2026-04-13T07:01:34","modified_gmt":"2026-04-13T07:01:34","slug":"accueil","status":"publish","type":"page","link":"https:\/\/www.haute-correze.fr\/index.php\/accueil\/","title":{"rendered":"Bienvenue"},"content":{"rendered":"<div data-colibri-id=\"287-c1\" class=\"style-459 style-local-287-c1 position-relative\">\r\n  <!---->\r\n  <div data-colibri-component=\"section\" data-colibri-id=\"287-c2\" id=\"about\" class=\"h-section h-section-global-spacing d-flex align-items-lg-center align-items-md-center align-items-center style-460 style-local-287-c2 position-relative\">\r\n    <!---->\r\n    <!---->\r\n    <div class=\"h-section-grid-container h-section-boxed-container\">\r\n      <!---->\r\n      <div data-colibri-id=\"287-c3\" class=\"h-row-container gutters-row-lg-0 gutters-row-md-0 gutters-row-0 gutters-row-v-lg-0 gutters-row-v-md-0 gutters-row-v-0 style-461 style-local-287-c3 position-relative\">\r\n        <!---->\r\n        <div class=\"h-row justify-content-lg-center justify-content-md-center justify-content-center align-items-lg-stretch align-items-md-stretch align-items-stretch gutters-col-lg-0 gutters-col-md-0 gutters-col-0 gutters-col-v-lg-0 gutters-col-v-md-0 gutters-col-v-0\">\r\n          <!---->\r\n          <div class=\"h-column h-column-container d-flex h-col-lg-auto h-col-md-auto h-col-auto style-462-outer style-local-287-c4-outer\">\r\n            <div data-colibri-id=\"287-c4\" class=\"d-flex h-flex-basis h-column__inner h-px-lg-0 h-px-md-0 h-px-0 v-inner-lg-0 v-inner-md-0 v-inner-0 style-462 style-local-287-c4 position-relative\">\r\n              <!---->\r\n              <!---->\r\n              <div class=\"w-100 h-y-container h-column__content h-column__v-align flex-basis-100 align-self-lg-start align-self-md-start align-self-start\">\r\n                <!---->\r\n                <div data-colibri-id=\"287-c6\" class=\"h-global-transition-all h-heading style-464 style-local-287-c6 position-relative h-element\">\r\n                  <!---->\r\n                  <div class=\"h-heading__outer style-464 style-local-287-c6\">\r\n                    <!---->\r\n                    <!---->\r\n                    <h2 class=\"\">Site en cours de reconstruction<\/h2>\r\n                  <\/div>\r\n                <\/div>\r\n                <div data-colibri-id=\"287-c7\" class=\"h-lead h-text h-text-component style-465 style-local-287-c7 position-relative h-element\">\r\n                  <!---->\r\n                  <!---->\r\n                  <div class=\"\">\r\n                    <p>Retrouvez bient\u00f4t plusieurs rubriques et page du site , lorsque ce message sera supprim\u00e9,le site sera op\u00e9rationnel, bonne journ\u00e9e \u00e0 tous<\/p>\r\n                  <\/div>\r\n                <\/div>\r\n              <\/div>\r\n            <\/div>\r\n          <\/div>\r\n          <div class=\"h-column h-column-container d-flex h-col-lg-auto h-col-md-auto h-col-auto style-466-outer style-local-287-c8-outer\">\r\n            <div data-colibri-id=\"287-c8\" class=\"d-flex h-flex-basis h-column__inner h-ui-empty-state-container h-px-lg-2 h-px-md-2 h-px-2 v-inner-lg-2 v-inner-md-2 v-inner-2 style-466 style-local-287-c8 position-relative\">\r\n              <!---->\r\n              <!---->\r\n              <div class=\"w-100 h-y-container h-column__content h-column__v-align flex-basis-100\">\r\n                <!---->\r\n              <\/div>\r\n            <\/div>\r\n          <\/div>\r\n        <\/div>\r\n      <\/div>\r\n    <\/div>\r\n  <\/div>\r\n<\/div>","protected":false},"excerpt":{"rendered":"<p>Site en cours de reconstruction Retrouvez bient\u00f4t plusieurs rubriques et page du site [&hellip;]<\/p>\n","protected":false},"author":1,"featured_media":0,"parent":0,"menu_order":0,"comment_status":"closed","ping_status":"closed","template":"page-templates\/full-width-page.php","meta":{"footnotes":""},"class_list":["post-287","page","type-page","status-publish","hentry"],"_links":{"self":[{"href":"https:\/\/www.haute-correze.fr\/index.php\/wp-json\/wp\/v2\/pages\/287","targetHints":{"allow":["GET"]}}],"collection":[{"href":"https:\/\/www.haute-correze.fr\/index.php\/wp-json\/wp\/v2\/pages"}],"about":[{"href":"https:\/\/www.haute-correze.fr\/index.php\/wp-json\/wp\/v2\/types\/page"}],"author":[{"embeddable":true,"href":"https:\/\/www.haute-correze.fr\/index.php\/wp-json\/wp\/v2\/users\/1"}],"replies":[{"embeddable":true,"href":"https:\/\/www.haute-correze.fr\/index.php\/wp-json\/wp\/v2\/comments?post=287"}],"version-history":[{"count":2,"href":"https:\/\/www.haute-correze.fr\/index.php\/wp-json\/wp\/v2\/pages\/287\/revisions"}],"predecessor-version":[{"id":297,"href":"https:\/\/www.haute-correze.fr\/index.php\/wp-json\/wp\/v2\/pages\/287\/revisions\/297"}],"wp:attachment":[{"href":"https:\/\/www.haute-correze.fr\/index.php\/wp-json\/wp\/v2\/media?parent=287"}],"curies":[{"name":"wp","href":"https:\/\/api.w.org\/{rel}","templated":true}]}}