{"id":1278,"date":"2026-04-17T08:23:46","date_gmt":"2026-04-17T08:23:46","guid":{"rendered":"https:\/\/www.haute-correze.fr\/?page_id=1278"},"modified":"2026-04-17T09:01:20","modified_gmt":"2026-04-17T09:01:20","slug":"nos-villes-et-villages","status":"publish","type":"page","link":"https:\/\/www.haute-correze.fr\/index.php\/nos-villes-et-villages\/","title":{"rendered":"Nos villes et villages"},"content":{"rendered":"<div data-colibri-id=\"1278-c1\" class=\"style-846 style-local-1278-c1 position-relative\">\n  <!---->\n  <div data-colibri-component=\"section\" data-colibri-id=\"1278-c2\" id=\"overlappable\" class=\"h-section h-section-global-spacing d-flex align-items-lg-center align-items-md-center align-items-center style-847 style-local-1278-c2 position-relative\">\n    <!---->\n    <!---->\n    <div class=\"h-section-grid-container h-section-boxed-container\">\n      <!---->\n      <div data-colibri-id=\"1278-c3\" class=\"h-row-container gutters-row-lg-2 gutters-row-md-2 gutters-row-2 gutters-row-v-lg-2 gutters-row-v-md-2 gutters-row-v-2 style-848 style-local-1278-c3 position-relative\">\n        <!---->\n        <div class=\"h-row justify-content-lg-center justify-content-md-center justify-content-center align-items-lg-stretch align-items-md-stretch align-items-stretch gutters-col-lg-2 gutters-col-md-2 gutters-col-2 gutters-col-v-lg-2 gutters-col-v-md-2 gutters-col-v-2\">\n          <!---->\n          <div class=\"h-column h-column-container d-flex h-col-lg-6 h-col-md-6 h-col-12 style-849-outer style-local-1278-c4-outer\">\n            <div data-colibri-id=\"1278-c4\" class=\"d-flex h-flex-basis h-column__inner h-px-lg-2 h-px-md-2 h-px-2 v-inner-lg-2 v-inner-md-2 v-inner-2 style-849 style-local-1278-c4 position-relative\">\n              <!---->\n              <!---->\n              <div class=\"w-100 h-y-container h-column__content h-column__v-align flex-basis-100 align-self-lg-center align-self-md-center align-self-center\">\n                <!---->\n                <div data-colibri-id=\"1278-c5\" class=\"h-global-transition-all h-heading style-850 style-local-1278-c5 position-relative h-element\">\n                  <!---->\n                  <div class=\"h-heading__outer style-850 style-local-1278-c5\">\n                    <!---->\n                    <!---->\n                    <h3 class=\"\">Vous connaissez d\u00e9j\u00e0 les cartes postales anciennes mais connaissez vous v\u00e9ritablement \u00e0 quoi ressemble votre ville ou village d\u00e9but 20\u00e8me si\u00e8cle<\/h3>\n                  <\/div>\n                <\/div>\n                <div data-colibri-id=\"1278-c6\" class=\"h-lead h-text h-text-component style-851 style-local-1278-c6 position-relative h-element\">\n                  <!---->\n                  <!---->\n                  <div class=\"\">\n                    <p>D\u00e9couvrez ci-dessous par ordre alphab\u00e9tique \u00e0 quoi ressemble vraiment au d\u00e9but du vingti\u00e8me si\u00e8cle votre ville ou votre village<\/p>\n                  <\/div>\n                <\/div>\n              <\/div>\n            <\/div>\n          <\/div>\n        <\/div>\n      <\/div>\n    <\/div>\n  <\/div>\n  <div data-colibri-component=\"section\" data-colibri-id=\"1278-c45\" id=\"overlappable-2\" class=\"h-section h-section-global-spacing d-flex align-items-lg-center align-items-md-center align-items-center style-960 style-local-1278-c45 position-relative\">\n    <!---->\n    <!---->\n    <div class=\"h-section-grid-container h-section-boxed-container\">\n      <!---->\n      <div data-colibri-id=\"1278-c46\" class=\"h-row-container gutters-row-lg-2 gutters-row-md-0 gutters-row-2 gutters-row-v-lg-2 gutters-row-v-md-0 gutters-row-v-2 style-961 style-local-1278-c46 position-relative\">\n        <!---->\n        <div class=\"h-row justify-content-lg-center justify-content-md-center justify-content-center align-items-lg-stretch align-items-md-stretch align-items-stretch gutters-col-lg-2 gutters-col-md-0 gutters-col-2 gutters-col-v-lg-2 gutters-col-v-md-0 gutters-col-v-2\">\n          <!---->\n          <div class=\"h-column h-column-container d-flex h-col-lg-4 h-col-md-4 h-col-12 style-962-outer style-local-1278-c47-outer\">\n            <div data-colibri-id=\"1278-c47\" class=\"d-flex h-flex-basis h-column__inner h-px-lg-2 h-px-md-3 h-px-2 v-inner-lg-0 v-inner-md-3 v-inner-2 style-962 style-local-1278-c47 position-relative\">\n              <!---->\n              <!---->\n              <div class=\"w-100 h-y-container h-column__content h-column__v-align flex-basis-100 align-self-lg-start align-self-md-start align-self-start\">\n                <!---->\n                <div data-colibri-id=\"1278-c48\" class=\"h-icon style-963 style-local-1278-c48 position-relative h-element\">\n                  <!----><span class=\"h-svg-icon h-icon__icon style-963-icon style-local-1278-c48-icon\"><!--Icon by Font Awesome (https:\/\/fontawesome.com)-->\n    <svg version=\"1.1\" xmlns=\"http:\/\/www.w3.org\/2000\/svg\" xmlns:xlink=\"http:\/\/www.w3.org\/1999\/xlink\" id=\"home\" viewBox=\"0 0 1664 1896.0833\">\n      <path d=\"M1408 992v480q0 26-19 45t-45 19H960v-384H704v384H320q-26 0-45-19t-19-45V992q0-1 .5-3t.5-3l575-474 575 474q1 2 1 6zm223-69l-62 74q-8 9-21 11h-3q-13 0-21-7L832 424l-692 577q-12 8-24 7-13-2-21-11l-62-74q-8-10-7-23.5T37 878l719-599q32-26 76-26t76 26l244 204V288q0-14 9-23t23-9h192q14 0 23 9t9 23v408l219 182q10 8 11 21.5t-7 23.5z\"><\/path>\n    <\/svg><\/span><\/div>\n                <div data-colibri-id=\"1278-c49\" class=\"h-global-transition-all h-heading style-964 style-local-1278-c49 position-relative h-element\">\n                  <!---->\n                  <div class=\"h-heading__outer style-964 style-local-1278-c49\">\n                    <!---->\n                    <!---->\n                    <h5 class=\"\">responsive design<\/h5>\n                  <\/div>\n                <\/div>\n                <div data-colibri-id=\"1278-c50\" class=\"h-text h-text-component style-965 style-local-1278-c50 position-relative h-element\">\n                  <!---->\n                  <!---->\n                  <div class=\"\">\n                    <p>Lorem ipsum dolor sit amet, consectetur adipiscing elit, sed do eiusmod tempor incididunt ut labore et dolore magna aliqua.<\/p>\n                  <\/div>\n                <\/div>\n              <\/div>\n            <\/div>\n          <\/div>\n          <div class=\"h-column h-column-container d-flex h-col-lg-4 h-col-md-4 h-col-12 style-962-outer style-local-1278-c51-outer\">\n            <div data-colibri-id=\"1278-c51\" class=\"d-flex h-flex-basis h-column__inner h-px-lg-2 h-px-md-3 h-px-2 v-inner-lg-0 v-inner-md-3 v-inner-2 style-962 style-local-1278-c51 position-relative\">\n              <!---->\n              <!---->\n              <div class=\"w-100 h-y-container h-column__content h-column__v-align flex-basis-100 align-self-lg-start align-self-md-start align-self-start\">\n                <!---->\n                <div data-colibri-id=\"1278-c52\" class=\"h-icon style-963 style-local-1278-c52 position-relative h-element\">\n                  <!----><span class=\"h-svg-icon h-icon__icon style-963-icon style-local-1278-c52-icon\"><!--Icon by Icons8 Line Awesome (https:\/\/icons8.com\/line-awesome)--><svg version=\"1.1\" xmlns=\"http:\/\/www.w3.org\/2000\/svg\" xmlns:xlink=\"http:\/\/www.w3.org\/1999\/xlink\" id=\"gears\" viewBox=\"0 0 512 545.5\"><path d=\"M344 72h32v22.5c13.256 2.334 25.375 7.58 36 15l15-15 22.5 22.5-15 15c7.42 10.625 12.666 22.744 15 36H472v32h-22.5c-2.357 13.388-7.46 25.802-15 36.5L450 253l-23.5 22-15-16c-10.494 7.212-22.48 12.208-35.5 14.5V296h-32v-22.5c-13.256-2.334-25.375-7.58-36-15l-16.5 17-23-23 17-16.5c-7.42-10.625-12.666-22.744-15-36H248v-32h22.5c2.292-13.02 7.288-25.006 14.5-35.5l-16-15L291 94l16.5 15.5c10.698-7.54 23.112-12.643 36.5-15V72zm16 53c-32.885 0-59 26.115-59 59s26.115 59 59 59 59-26.115 59-59-26.115-59-59-59zm-207.5 94.5l11.5 29c8.477-2.118 17.388-3.5 26.5-3.5 9.13 0 18.015 1.362 26.5 3.5l11.5-29 29.5 12-11.5 29c15.108 9.133 27.874 21.944 37 37l29-11.5 12 29.5-29 11.5c2.118 8.458 3.5 17.388 3.5 26.5s-1.382 18.023-3.5 26.5l29 11.5-12 29.5-29-11.5c-9.107 15.23-21.88 28.264-37 37.5l11.5 28.5-29.5 12L217 459c-8.458 2.138-17.388 3.5-26.5 3.5-9.166 0-17.972-1.345-26.5-3.5l-11.5 28.5-29.5-12 11.5-28.5c-15.37-9.23-28.246-22.145-37.5-37.5L68.5 421l-12-29.5L85 380c-2.138-8.477-3.5-17.388-3.5-26.5s1.362-18.042 3.5-26.5l-28.5-11.5 12-29.5L97 297.5c9.236-15.12 22.27-27.893 37.5-37l-11.5-29zm38 57.5c-42.605 0-77 33.895-77 76.5s34.395 77 77 77 76.5-34.395 76.5-77-33.895-76.5-76.5-76.5z\"><\/path><\/svg><\/span><\/div>\n                <div\n                  data-colibri-id=\"1278-c53\" class=\"h-global-transition-all h-heading style-964 style-local-1278-c53 position-relative h-element\">\n                  <!---->\n                  <div class=\"h-heading__outer style-964 style-local-1278-c53\">\n                    <!---->\n                    <!---->\n                    <h5 class=\"\">super features<\/h5>\n                  <\/div>\n              <\/div>\n              <div data-colibri-id=\"1278-c54\" class=\"h-text h-text-component style-965 style-local-1278-c54 position-relative h-element\">\n                <!---->\n                <!---->\n                <div class=\"\">\n                  <p>Lorem ipsum dolor sit amet, consectetur adipiscing elit, sed do eiusmod tempor incididunt ut labore et dolore magna aliqua.<\/p>\n                <\/div>\n              <\/div>\n            <\/div>\n          <\/div>\n        <\/div>\n        <div class=\"h-column h-column-container d-flex h-col-lg-4 h-col-md-4 h-col-12 style-962-outer style-local-1278-c55-outer\">\n          <div data-colibri-id=\"1278-c55\" class=\"d-flex h-flex-basis h-column__inner h-px-lg-2 h-px-md-3 h-px-2 v-inner-lg-0 v-inner-md-3 v-inner-2 style-962 style-local-1278-c55 position-relative\">\n            <!---->\n            <!---->\n            <div class=\"w-100 h-y-container h-column__content h-column__v-align flex-basis-100 align-self-lg-start align-self-md-start align-self-start\">\n              <!---->\n              <div data-colibri-id=\"1278-c56\" class=\"h-icon style-963 style-local-1278-c56 position-relative h-element\">\n                <!----><span class=\"h-svg-icon h-icon__icon style-963-icon style-local-1278-c56-icon\"><!--Icon by Icons8 Line Awesome (https:\/\/icons8.com\/line-awesome)--><svg version=\"1.1\" xmlns=\"http:\/\/www.w3.org\/2000\/svg\" xmlns:xlink=\"http:\/\/www.w3.org\/1999\/xlink\" id=\"magic\" viewBox=\"0 0 512 545.5\"><path d=\"M334 73l11.5 11.5 29 29h56v56l29 29L471 210l-12 11-28.5 27v57.5h-56l-29 27.5-11.5 11-11-11-24-24-187 186.5-11 11.5-11.5-11.5-41-41-11.5-11L48.5 432 235 245l-24-24-11-11 11-11.5 27.5-29v-56H296L323 85zm.5 46L314 140.5l-4.5 5h-39v37L266 187l-21.5 22.5L258 223l61-61.5 11.5-11 11 11 41 41L394 214l-11.5 11.5-61 61 13 13L357 278l4.5-4.5h37v-39l5-4.5 21.5-20.5-22-22-4.5-5v-37h-37l-5-4.5zm-4 76.5l-248 248L101 462l247.5-248zM304 368h32v16h16v32h-16v16h-32v-16h-16v-32h16v-16zm96 32h32v32h32v32h-32v32h-32v-32h-32v-32h32v-32z\"><\/path><\/svg><\/span><\/div>\n              <div\n                data-colibri-id=\"1278-c57\" class=\"h-global-transition-all h-heading style-964 style-local-1278-c57 position-relative h-element\">\n                <!---->\n                <div class=\"h-heading__outer style-964 style-local-1278-c57\">\n                  <!---->\n                  <!---->\n                  <h5 class=\"\">drag and drop<\/h5>\n                <\/div>\n            <\/div>\n            <div data-colibri-id=\"1278-c58\" class=\"h-text h-text-component style-965 style-local-1278-c58 position-relative h-element\">\n              <!---->\n              <!---->\n              <div class=\"\">\n                <p>Lorem ipsum dolor sit amet, consectetur adipiscing elit, sed do eiusmod tempor incididunt ut labore et dolore magna aliqua.<\/p>\n              <\/div>\n            <\/div>\n          <\/div>\n        <\/div>\n      <\/div>\n    <\/div>\n  <\/div>\n<\/div>\n<\/div>\n<\/div>","protected":false},"excerpt":{"rendered":"<p>Vous connaissez d\u00e9j\u00e0 les cartes postales anciennes mais connaissez vous v\u00e9ritablement \u00e0 quoi [&hellip;]<\/p>\n","protected":false},"author":1,"featured_media":0,"parent":0,"menu_order":0,"comment_status":"closed","ping_status":"closed","template":"page-templates\/full-width-page.php","meta":{"footnotes":""},"class_list":["post-1278","page","type-page","status-publish","hentry"],"_links":{"self":[{"href":"https:\/\/www.haute-correze.fr\/index.php\/wp-json\/wp\/v2\/pages\/1278","targetHints":{"allow":["GET"]}}],"collection":[{"href":"https:\/\/www.haute-correze.fr\/index.php\/wp-json\/wp\/v2\/pages"}],"about":[{"href":"https:\/\/www.haute-correze.fr\/index.php\/wp-json\/wp\/v2\/types\/page"}],"author":[{"embeddable":true,"href":"https:\/\/www.haute-correze.fr\/index.php\/wp-json\/wp\/v2\/users\/1"}],"replies":[{"embeddable":true,"href":"https:\/\/www.haute-correze.fr\/index.php\/wp-json\/wp\/v2\/comments?post=1278"}],"version-history":[{"count":2,"href":"https:\/\/www.haute-correze.fr\/index.php\/wp-json\/wp\/v2\/pages\/1278\/revisions"}],"predecessor-version":[{"id":1291,"href":"https:\/\/www.haute-correze.fr\/index.php\/wp-json\/wp\/v2\/pages\/1278\/revisions\/1291"}],"wp:attachment":[{"href":"https:\/\/www.haute-correze.fr\/index.php\/wp-json\/wp\/v2\/media?parent=1278"}],"curies":[{"name":"wp","href":"https:\/\/api.w.org\/{rel}","templated":true}]}}